{"id":1149,"date":"2024-01-11T14:33:41","date_gmt":"2024-01-11T14:33:41","guid":{"rendered":"https:\/\/csglobal.net.tr\/?page_id=1149"},"modified":"2025-02-03T05:22:19","modified_gmt":"2025-02-03T05:22:19","slug":"kvkk-aydinlatma-metni","status":"publish","type":"page","link":"https:\/\/csglobal.net.tr\/?page_id=1149","title":{"rendered":"KVKK Ayd\u0131nlatma metni"},"content":{"rendered":"<style>.kb-row-layout-id1149_6eb4d1-5c > .kt-row-column-wrap{align-content:start;}:where(.kb-row-layout-id1149_6eb4d1-5c > .kt-row-column-wrap) > .wp-block-kadence-column{justify-content:start;}.kb-row-layout-id1149_6eb4d1-5c > .kt-row-column-wrap{column-gap:var(--global-kb-gap-md, 2rem);row-gap:var(--global-kb-gap-md, 2rem);max-width:var( --global-content-width, 1290px );padding-left:var(--global-content-edge-padding);padding-right:var(--global-content-edge-padding);padding-top:260px;padding-bottom:100px;grid-template-columns:minmax(0, 1fr);}.kb-row-layout-id1149_6eb4d1-5c{background-image:url('https:\/\/csglobal.net.tr\/wp-content\/uploads\/2023\/11\/cs-global-vize-danismanlik-.webp');background-size:cover;background-position:center center;background-attachment:scroll;background-repeat:no-repeat;}.kb-row-layout-id1149_6eb4d1-5c > .kt-row-layout-overlay{opacity:0.52;background-color:var(--global-palette3, #1A202C);mix-blend-mode:normal;}@media all and (max-width: 1024px){.kb-row-layout-id1149_6eb4d1-5c > .kt-row-column-wrap{grid-template-columns:minmax(0, 1fr);}}@media all and (max-width: 767px){.kb-row-layout-id1149_6eb4d1-5c > .kt-row-column-wrap{grid-template-columns:minmax(0, 1fr);}}<\/style><div class=\"kb-row-layout-wrap kb-row-layout-id1149_6eb4d1-5c alignnone kt-row-has-bg wp-block-kadence-rowlayout\"><div class=\"kt-row-layout-overlay kt-row-overlay-normal\"><\/div><div class=\"kt-row-column-wrap kt-has-1-columns kt-row-layout-equal kt-tab-layout-inherit kt-mobile-layout-row kt-row-valign-top kb-theme-content-width\">\n<style>.kadence-column1149_87a924-76 > .kt-inside-inner-col,.kadence-column1149_87a924-76 > .kt-inside-inner-col:before{border-top-left-radius:0px;border-top-right-radius:0px;border-bottom-right-radius:0px;border-bottom-left-radius:0px;}.kadence-column1149_87a924-76 > .kt-inside-inner-col{column-gap:var(--global-kb-gap-sm, 1rem);}.kadence-column1149_87a924-76 > .kt-inside-inner-col{flex-direction:column;}.kadence-column1149_87a924-76 > .kt-inside-inner-col > .aligncenter{width:100%;}.kadence-column1149_87a924-76 > .kt-inside-inner-col:before{opacity:0.3;}.kadence-column1149_87a924-76{position:relative;}@media all and (max-width: 1024px){.kadence-column1149_87a924-76 > .kt-inside-inner-col{flex-direction:column;justify-content:center;}}@media all and (max-width: 767px){.kadence-column1149_87a924-76 > .kt-inside-inner-col{flex-direction:column;justify-content:center;}}<\/style>\n<div class=\"wp-block-kadence-column kadence-column1149_87a924-76 inner-column-1\"><div class=\"kt-inside-inner-col\"><style>.wp-block-kadence-advancedheading.kt-adv-heading1149_192434-30, .wp-block-kadence-advancedheading.kt-adv-heading1149_192434-30[data-kb-block=\"kb-adv-heading1149_192434-30\"]{text-align:center;font-size:52px;font-style:normal;}.wp-block-kadence-advancedheading.kt-adv-heading1149_192434-30 mark.kt-highlight, .wp-block-kadence-advancedheading.kt-adv-heading1149_192434-30[data-kb-block=\"kb-adv-heading1149_192434-30\"] mark.kt-highlight{font-style:normal;color:#f76a0c;-webkit-box-decoration-break:clone;box-decoration-break:clone;}.wp-block-kadence-advancedheading.kt-adv-heading1149_192434-30 img.kb-inline-image, .wp-block-kadence-advancedheading.kt-adv-heading1149_192434-30[data-kb-block=\"kb-adv-heading1149_192434-30\"] img.kb-inline-image{width:150px;vertical-align:baseline;padding-top:0px;padding-right:0px;padding-bottom:0px;padding-left:0px;}@media all and (max-width: 767px){.wp-block-kadence-advancedheading.kt-adv-heading1149_192434-30, .wp-block-kadence-advancedheading.kt-adv-heading1149_192434-30[data-kb-block=\"kb-adv-heading1149_192434-30\"]{font-size:var(--global-kb-font-size-lg, 2rem);}}<\/style>\n<h2 class=\"kt-adv-heading1149_192434-30 wp-block-kadence-advancedheading has-theme-palette-9-color has-text-color\" data-kb-block=\"kb-adv-heading1149_192434-30\">kvkk ayd\u0131nlatma metni<\/h2>\n\n\n<style>.wp-block-kadence-advancedheading.kt-adv-heading1149_b73612-d9, .wp-block-kadence-advancedheading.kt-adv-heading1149_b73612-d9[data-kb-block=\"kb-adv-heading1149_b73612-d9\"]{text-align:center;font-style:normal;}.wp-block-kadence-advancedheading.kt-adv-heading1149_b73612-d9 mark.kt-highlight, .wp-block-kadence-advancedheading.kt-adv-heading1149_b73612-d9[data-kb-block=\"kb-adv-heading1149_b73612-d9\"] mark.kt-highlight{font-style:normal;color:#f76a0c;-webkit-box-decoration-break:clone;box-decoration-break:clone;}.wp-block-kadence-advancedheading.kt-adv-heading1149_b73612-d9 img.kb-inline-image, .wp-block-kadence-advancedheading.kt-adv-heading1149_b73612-d9[data-kb-block=\"kb-adv-heading1149_b73612-d9\"] img.kb-inline-image{width:150px;vertical-align:baseline;padding-top:0px;padding-right:0px;padding-bottom:0px;padding-left:0px;}<\/style>\n<p class=\"kt-adv-heading1149_b73612-d9 wp-block-kadence-advancedheading has-theme-palette-9-color has-text-color\" data-kb-block=\"kb-adv-heading1149_b73612-d9\">CS Global<a href=\"\"><\/a><\/p>\n\n\n<style>.wp-block-kadence-advancedbtn.kb-btns1149_b10e95-38{gap:var(--global-kb-gap-xs, 0.5rem );justify-content:center;align-items:center;}.kt-btns1149_b10e95-38 .kt-button{font-weight:normal;font-style:normal;}<\/style>\n<div class=\"wp-block-kadence-advancedbtn kb-buttons-wrap kb-btns1149_b10e95-38\"><style>ul.menu .wp-block-kadence-advancedbtn .kb-btn1149_abbbd7-53.kb-button{width:initial;}<\/style><a class=\"kb-button kt-button button kb-btn1149_abbbd7-53 kt-btn-size-standard kt-btn-width-type-auto kb-btn-global-inherit  kt-btn-has-text-true kt-btn-has-svg-false  wp-block-button__link wp-block-kadence-singlebtn\" href=\"tel:05063656590\"><span class=\"kt-btn-inner-text\">V\u0130ZE \u0130\u015eLEMLER\u0130 \u0130\u00c7\u0130N HEMEN ARAYIN<\/span><\/a><\/div>\n<\/div><\/div>\n\n<\/div><\/div>\n\n<style>.kb-row-layout-id1149_3de319-af > .kt-row-column-wrap{align-content:start;}:where(.kb-row-layout-id1149_3de319-af > .kt-row-column-wrap) > .wp-block-kadence-column{justify-content:start;}.kb-row-layout-id1149_3de319-af > .kt-row-column-wrap{column-gap:var(--global-kb-gap-md, 2rem);row-gap:var(--global-kb-gap-md, 2rem);max-width:var( --global-content-width, 1290px );padding-left:var(--global-content-edge-padding);padding-right:var(--global-content-edge-padding);padding-top:var(--global-kb-spacing-sm, 1.5rem);padding-bottom:var(--global-kb-spacing-sm, 1.5rem);grid-template-columns:minmax(0, 1fr);}.kb-row-layout-id1149_3de319-af > .kt-row-layout-overlay{opacity:0.30;}@media all and (max-width: 1024px){.kb-row-layout-id1149_3de319-af > .kt-row-column-wrap{grid-template-columns:minmax(0, 1fr);}}@media all and (max-width: 767px){.kb-row-layout-id1149_3de319-af > .kt-row-column-wrap{grid-template-columns:minmax(0, 1fr);}}<\/style><div class=\"kb-row-layout-wrap kb-row-layout-id1149_3de319-af alignnone wp-block-kadence-rowlayout\"><div class=\"kt-row-column-wrap kt-has-1-columns kt-row-layout-equal kt-tab-layout-inherit kt-mobile-layout-row kt-row-valign-top kb-theme-content-width\">\n<style>.kadence-column1149_bf2fd8-f1 > .kt-inside-inner-col,.kadence-column1149_bf2fd8-f1 > .kt-inside-inner-col:before{border-top-left-radius:0px;border-top-right-radius:0px;border-bottom-right-radius:0px;border-bottom-left-radius:0px;}.kadence-column1149_bf2fd8-f1 > .kt-inside-inner-col{column-gap:var(--global-kb-gap-sm, 1rem);}.kadence-column1149_bf2fd8-f1 > .kt-inside-inner-col{flex-direction:column;}.kadence-column1149_bf2fd8-f1 > .kt-inside-inner-col > .aligncenter{width:100%;}.kadence-column1149_bf2fd8-f1 > .kt-inside-inner-col:before{opacity:0.3;}.kadence-column1149_bf2fd8-f1{position:relative;}@media all and (max-width: 1024px){.kadence-column1149_bf2fd8-f1 > .kt-inside-inner-col{flex-direction:column;justify-content:center;}}@media all and (max-width: 767px){.kadence-column1149_bf2fd8-f1 > .kt-inside-inner-col{flex-direction:column;justify-content:center;}}<\/style>\n<div class=\"wp-block-kadence-column kadence-column1149_bf2fd8-f1\"><div class=\"kt-inside-inner-col\">\n<p>K\u0130\u015e\u0130SEL VER\u0130LER\u0130N \u0130\u015eLENMES\u0130 VE KORUNMASI HAKKINDA AYDINLATMA METN\u0130<\/p>\n\n\n\n<p>CS Global \u2013 \u0130smail Y\u0131lmaz Firmas\u0131 Ana Marka \u0130smi Olan \u201d CS Global \u201d olarak an\u0131lacakt\u0131r. 6698 Say\u0131l\u0131 Ki\u015fisel Verilerin Korunmas\u0131 Kanunu(KVKK) ve ilgili di\u011fer mevzuat kapsam\u0131nda elde edilen ki\u015fisel verileriniz, kanunda tan\u0131mlanan veri sorumlusu s\u0131fat\u0131yla korumam\u0131z alt\u0131ndad\u0131r.<\/p>\n\n\n\n<p>CS Global olarak; taraf\u0131n\u0131za hizmet sa\u011flamak amac\u0131yla, demo uygulama a\u00e7ma s\u0131ras\u0131nda al\u0131nan bilgiler , ileti\u015fime ge\u00e7ilebilmesi i\u00e7in b\u0131rak\u0131lan kontak bilgileri , e-b\u00fcltene kay\u0131t olma s\u0131ras\u0131nda payla\u015f\u0131lan bilgiler (ad soyad, kurum ad\u0131, e-posta adresi, telefon numaras\u0131 vb.) ile ki\u015fisel veri tan\u0131m\u0131na giren her t\u00fcrl\u00fc verinin a\u015fa\u011f\u0131daki ko\u015fullar ve kapsamda CS Global taraf\u0131ndan toplanmakta, kullanmakta, korunmakta, i\u015flenmekte, muhafaza edilmekte, payla\u015f\u0131lmakta, silinmekte ve imha edilmektedir.<\/p>\n\n\n\n<p>K\u0130\u015e\u0130SEL VER\u0130LER\u0130N \u0130\u015eLENME AMA\u00c7LARI<\/p>\n\n\n\n<p>Ki\u015fisel verileriniz CS Global taraf\u0131ndan sunulan \u00fcr\u00fcn ve hizmetlerden ilgili ki\u015fileri faydaland\u0131rmak i\u00e7in gerekli \u00e7al\u0131\u015fmalar\u0131n i\u015f birimlerimiz taraf\u0131ndan yap\u0131lmas\u0131 ve ilgili i\u015f s\u00fcre\u00e7lerinin y\u00fcr\u00fct\u00fclmesi, \u00fcr\u00fcn ve\/veya hizmetlerin kullan\u0131lmas\u0131 ve sat\u0131\u015f s\u00fcre\u00e7lerinin planlanmas\u0131 ve icras\u0131, operasyon s\u00fcre\u00e7lerinin planlanmas\u0131 ve icras\u0131, sat\u0131\u015f sonras\u0131 destek hizmetleri aktivitelerinin planlanmas\u0131 ve\/veya icras\u0131, i\u015f ortaklar\u0131 ve\/veya tedarik\u00e7ilerle olan ili\u015fkilerin y\u00f6netimi, verilerin do\u011fru ve g\u00fcncel olmas\u0131n\u0131n sa\u011flanmas\u0131 ve sunulmakta olan hizmetlerin tedarikinde s\u00fcreklili\u011fin sa\u011flanmas\u0131, ziyaret\u00e7i kay\u0131tlar\u0131n\u0131n olu\u015fturulmas\u0131 ve takibi, CS Global\u2019in ve CS Global ile i\u015f ili\u015fkisi i\u00e7erisinde olan ilgili ki\u015filerin hukuki, teknik ve ticari-i\u015f g\u00fcvenli\u011finin temin edilmesi amac\u0131yla, taraf\u0131n\u0131za sa\u011flanan hizmetlere ili\u015fkin i\u015flem ve i\u015flerin y\u00fcr\u00fct\u00fcm\u00fc, s\u00f6zle\u015fmesel edimin gere\u011fi gibi ifade edilebilmesi, hizmet kalitesi vb. hususlar\u0131n takibi amac\u0131yla,<\/p>\n\n\n\n<p>\u0130nsan kaynaklar\u0131, finansal ve muhasebesel kay\u0131tlar\u0131n tutulmas\u0131 amac\u0131yla, \u0130zinli Kullan\u0131c\u0131 Veri Taban\u0131 Kay\u0131t ve Elektronik Ticari \u0130leti \u0130zin Metnini kabul etmi\u015fseniz CS Global ve \u0130\u015f Ortaklar\u0131n\u0131n kampanya, promosyon ve benzeri pazarlama faaliyetleri kapsam\u0131nda,<\/p>\n\n\n\n<p>Bilgi Teknolojileri \u0130leti\u015fim Kurumu\u2019na d\u00fczenli olarak ilgili mevzuat gere\u011fi yap\u0131lan bilgilendirme y\u00fck\u00fcml\u00fcl\u00fc\u011f\u00fc kapsam\u0131nda, \u0130lgili Kamu Kurum ve Kurulu\u015flar\u0131, Noterlik, Mahkeme ve Savc\u0131l\u0131klar\u2019a bildirim zorunlulu\u011fu ve CS Global\u2019in hukuken haklar\u0131n\u0131 korumak amac\u0131yla her t\u00fcrl\u00fc yasal merci nezdinde y\u00fck\u00fcml\u00fcl\u00fcklerin yerine getirilmesi amac\u0131yla KVKK\u2019nun 5. ve 6. maddelerinde belirtilen ki\u015fisel veri i\u015fleme \u015fartlar\u0131 ve ama\u00e7lar kapsam\u0131nda i\u015flenecektir.<\/p>\n\n\n\n<p>K\u0130\u015e\u0130SEL VER\u0130LER\u0130N K\u0130MLERE VE HANG\u0130 AMA\u00c7LARLA AKTARILAB\u0130LECE\u011e\u0130<\/p>\n\n\n\n<p>Ki\u015fisel verileriniz; CS Global\u2019n\u0131n ticari olarak varl\u0131\u011f\u0131n\u0131 s\u00fcrd\u00fcrebilmesi ve yukar\u0131da belirtilen ama\u00e7lar\u0131n ger\u00e7ekle\u015ftirilmesi amac\u0131yla ve bununla s\u0131n\u0131rl\u0131 olmak \u00fczere;<\/p>\n\n\n\n<p>Grup \u015firketleri ve i\u015ftiraklerle, \u015firket hissedarlar\u0131m\u0131zla ve \u015firketimiz avukatlar\u0131yla, ba\u011f\u0131ms\u0131z denet\u00e7ilerle, dan\u0131\u015fmanlarla, bankalarla, ar\u015fivleme ve faturalama \u015firketleriyle, i\u015f sa\u011fl\u0131\u011f\u0131 ve g\u00fcvenli\u011fi uzmanlar\u0131yla, ilgili kamu kurum ve kurulu\u015flar\u0131 ile, \u0130zinli Kullan\u0131c\u0131 Veri Taban\u0131 Kay\u0131t ve Elektronik Ticari \u0130leti \u0130zin Metnini kabul etmi\u015fseniz CS Global ve \u0130\u015f Ortaklar\u0131n\u0131n kampanya, promosyon ve benzeri pazarlama faaliyetleri kapsam\u0131nda yurti\u00e7inde ve yurtd\u0131\u015f\u0131ndaki \u0130\u015f Ortaklar\u0131 ile KVKK\u2019nun 8. ve 9. maddelerinde belirtilen ki\u015fisel veri i\u015fleme \u015fartlar\u0131 ve ama\u00e7lar\u0131 \u00e7er\u00e7evesinde \u00fc\u00e7\u00fcnc\u00fc ki\u015filerle payla\u015f\u0131lacakt\u0131r.<\/p>\n\n\n\n<p>K\u0130\u015e\u0130SEL VER\u0130 TOPLAMANIN Y\u00d6NTEM\u0130 VE HUKUK\u0130 SEBEB\u0130<\/p>\n\n\n\n<p>Ki\u015fisel verileriniz, CS Global olarak sundu\u011fumuz hizmetlerin belirlenen yasal \u00e7er\u00e7evede sunulabilmesi ve bu kapsamda s\u00f6zle\u015fme ve ilgili mevzuattan do\u011fan y\u00fck\u00fcml\u00fcl\u00fcklerin eksiksiz ve do\u011fru bir \u015fekilde yerine getirebilmesi, s\u00f6zle\u015fmenin kurulabilmesi ve ifas\u0131 amac\u0131yla her t\u00fcrl\u00fc s\u00f6zl\u00fc, yaz\u0131l\u0131 ya da elektronik ortamda, yukar\u0131da yer verilen ama\u00e7lar do\u011frultusunda hukuki sebeplerle ve ilgili mevzuat kapsam\u0131nda bunlarla s\u0131n\u0131rl\u0131 olmamak kayd\u0131yla toplanabilmektedir. Bu hukuki sebeple toplanan ki\u015fisel verileriniz KVKK\u2019nun 5. ve 6. maddelerinde belirtilen ki\u015fisel veri i\u015fleme \u015fartlar\u0131 ve ama\u00e7lar\u0131 kapsam\u0131nda bu metnin A ve B maddelerinde belirtilen ama\u00e7larla da i\u015flenebilmekte ve aktar\u0131labilmektedir.<\/p>\n\n\n\n<p>A \u2013 K\u0130\u015e\u0130SEL VER\u0130 SAH\u0130B\u0130 \u0130LG\u0130L\u0130 K\u0130\u015e\u0130 OLARAK 6698 SAYILI KVKK KAPSAMINDA HAKLARINIZ<\/p>\n\n\n\n<p>6698 say\u0131l\u0131 KVKK\u2019n\u0131n 11. Maddesi kapsam\u0131nda herkes veri sorumlusu s\u0131fat\u0131 ile CS Global\u2019e a\u015fa\u011f\u0131daki hususlarda ba\u015fvurma hakk\u0131na sahiptir:<\/p>\n\n\n\n<p>1. Ki\u015fisel veri i\u015flenip i\u015flenmedi\u011fini \u00f6\u011frenme,<\/p>\n\n\n\n<p>2. Ki\u015fisel verileri i\u015flenmi\u015fse buna ili\u015fkin bilgi talep etme,<\/p>\n\n\n\n<p>3. Ki\u015fisel verilerin i\u015flenme amac\u0131n\u0131 ve bunlar\u0131n amac\u0131na uygun kullan\u0131l\u0131p kullan\u0131lmad\u0131\u011f\u0131n\u0131 \u00f6\u011frenme,<\/p>\n\n\n\n<p>4. Yurt i\u00e7inde veya yurt d\u0131\u015f\u0131nda ki\u015fisel verilerin aktar\u0131ld\u0131\u011f\u0131 \u00fc\u00e7\u00fcnc\u00fc ki\u015fileri bilme,<\/p>\n\n\n\n<p>5. Ki\u015fisel verilerin eksik veya yanl\u0131\u015f i\u015flenmi\u015f olmas\u0131 h\u00e2linde bunlar\u0131n d\u00fczeltilmesini isteme,<\/p>\n\n\n\n<p>6. 6698 say\u0131l\u0131 KVKK\u2019nun 7. maddesi uyar\u0131nca, bu Kanun ve ilgili di\u011fer kanun h\u00fck\u00fcmlerine uygun olarak i\u015flenmi\u015f olmas\u0131na ra\u011fmen, i\u015flenmesini gerektiren sebeplerin ortadan kalkmas\u0131 h\u00e2linde ki\u015fisel veriler resen veya ilgili ki\u015finin talebi \u00fczerine \u00f6ng\u00f6r\u00fclen \u015fartlar \u00e7er\u00e7evesinde ki\u015fisel verilerin silinmesini veya yok edilmesini isteme,<\/p>\n\n\n\n<p>7. 5. ve 6. Maddeler kapsam\u0131nda bentleri uyar\u0131nca yap\u0131lan i\u015flemlerin, ki\u015fisel verilerin aktar\u0131ld\u0131\u011f\u0131 \u00fc\u00e7\u00fcnc\u00fc ki\u015filere bildirilmesini isteme,<\/p>\n\n\n\n<p>8. \u0130\u015flenen verilerin m\u00fcnhas\u0131ran otomatik sistemler vas\u0131tas\u0131yla analiz edilmesi suretiyle ki\u015finin kendisi aleyhine bir sonucun ortaya \u00e7\u0131kmas\u0131na itiraz etme,<\/p>\n\n\n\n<p>9. Ki\u015fisel verilerin kanuna ayk\u0131r\u0131 olarak i\u015flenmesi sebebiyle zarara u\u011framas\u0131 h\u00e2linde zarar\u0131n giderilmesini talep etme.<\/p>\n\n\n\n<p>B \u2013 \u0130LG\u0130L\u0130 K\u0130\u015e\u0130N\u0130N HAKLARINI KULLANMA Y\u00d6NTEM\u0130<\/p>\n\n\n\n<p>Ki\u015fisel veri sahibi \u201c\u0130lgili Ki\u015fi\u201d, D bendinde yer verilen haklar\u0131n\u0131 ve taleplerini CS Global\u2019e bildirebilecektir. Bu kapsamda ilgili ki\u015fi 6698 Say\u0131l\u0131 Ki\u015fisel Verilerin Korunmas\u0131 Kanunu madde 11 uyar\u0131nca sahip oldu\u011fu di\u011fer t\u00fcm haklar\u0131n\u0131 kullanmak amac\u0131yla,<\/p>\n\n\n\n<p>\u2022 Ba\u015fvuru sahibinin \u015fahsen ba\u015fvurusu ile,<\/p>\n\n\n\n<p>\u2022 \u0130mza beyannamesi eklenerek posta yoluyla,<\/p>\n\n\n\n<p>\u2022 Noter vas\u0131tas\u0131yla,<\/p>\n\n\n\n<p>\u2022 Ba\u015fvuru sahibinin ad\u0131na tan\u0131ml\u0131 g\u00fcvenli elektronik imza ile imzalanarak a\u015fa\u011f\u0131da belirtilen KEP adresine g\u00f6ndererek,<\/p>\n\n\n\n<p>kimli\u011fini ve ilgisini ispatlamak suretiyle ba\u015fvurabilir.<\/p>\n\n\n\n<p>Ba\u015fvuru talebin niteli\u011fine g\u00f6re en k\u0131sa s\u00fcrede ve en ge\u00e7 otuz g\u00fcn i\u00e7inde \u00fccretsiz olarak sonu\u00e7land\u0131r\u0131lacakt\u0131r. Ancak, i\u015flemin ayr\u0131ca bir maliyeti gerektirmesi h\u00e2linde, Kurulca belirlenen tarifedeki \u00fccret al\u0131nabilir.<\/p>\n<\/div><\/div>\n\n<\/div><\/div>","protected":false},"excerpt":{"rendered":"<p>kvkk ayd\u0131nlatma metni CS Global K\u0130\u015e\u0130SEL VER\u0130LER\u0130N \u0130\u015eLENMES\u0130 VE KORUNMASI HAKKINDA AYDINLATMA METN\u0130 CS Global \u2013 \u0130smail Y\u0131lmaz Firmas\u0131 Ana Marka \u0130smi Olan \u201d CS Global \u201d olarak an\u0131lacakt\u0131r. 6698 Say\u0131l\u0131 Ki\u015fisel Verilerin Korunmas\u0131 Kanunu(KVKK) ve ilgili di\u011fer mevzuat kapsam\u0131nda elde edilen ki\u015fisel verileriniz, kanunda tan\u0131mlanan veri sorumlusu s\u0131fat\u0131yla korumam\u0131z alt\u0131ndad\u0131r. CS Global olarak; taraf\u0131n\u0131za&#8230;<\/p>\n","protected":false},"author":3,"featured_media":0,"parent":0,"menu_order":0,"comment_status":"closed","ping_status":"closed","template":"","meta":{"_kad_post_transparent":"","_kad_post_title":"hide","_kad_post_layout":"fullwidth","_kad_post_sidebar_id":"","_kad_post_content_style":"unboxed","_kad_post_vertical_padding":"hide","_kad_post_feature":"hide","_kad_post_feature_position":"","_kad_post_header":false,"_kad_post_footer":false,"_kad_post_classname":"","footnotes":""},"class_list":["post-1149","page","type-page","status-publish","hentry"],"_links":{"self":[{"href":"https:\/\/csglobal.net.tr\/index.php?rest_route=\/wp\/v2\/pages\/1149","targetHints":{"allow":["GET"]}}],"collection":[{"href":"https:\/\/csglobal.net.tr\/index.php?rest_route=\/wp\/v2\/pages"}],"about":[{"href":"https:\/\/csglobal.net.tr\/index.php?rest_route=\/wp\/v2\/types\/page"}],"author":[{"embeddable":true,"href":"https:\/\/csglobal.net.tr\/index.php?rest_route=\/wp\/v2\/users\/3"}],"replies":[{"embeddable":true,"href":"https:\/\/csglobal.net.tr\/index.php?rest_route=%2Fwp%2Fv2%2Fcomments&post=1149"}],"version-history":[{"count":1,"href":"https:\/\/csglobal.net.tr\/index.php?rest_route=\/wp\/v2\/pages\/1149\/revisions"}],"predecessor-version":[{"id":1217,"href":"https:\/\/csglobal.net.tr\/index.php?rest_route=\/wp\/v2\/pages\/1149\/revisions\/1217"}],"wp:attachment":[{"href":"https:\/\/csglobal.net.tr\/index.php?rest_route=%2Fwp%2Fv2%2Fmedia&parent=1149"}],"curies":[{"name":"wp","href":"https:\/\/api.w.org\/{rel}","templated":true}]}}